- 9*x + 54. Let m be c(7). Suppose -n - 104*y = -108*y - 37339, n - 2*y = m. Is n composite?
True
Suppose 58*h - 2115230 = 10988122 + 33871370. Is h composite?
False
Suppose -305*c + 313*c = 291608. Is c a composite number?
False
Suppose -4647849 - 3679923 = -187*v + 3393949. Is v prime?
True
Suppose 55*d = 9350272 - 2246472. Suppose -23*q + 31*q = d. Is q prime?
False
Let u(g) = 24586*g + 631. Is u(6) prime?
True
Suppose -355 = 6*f + 23. Is (-18)/f - 6675/(-35) composite?
False
Let w(s) = 351*s - 8. Let h be w(7). Suppose 14*i = h + 11145. Is i prime?
True
Let s = 77743 - 46436. Is s composite?
False
Let t(b) = 179*b - 4. Let l be t(5). Suppose l = 5*q + a, -2*q = -a - 2*a - 353. Let r = q + -45. Is r composite?
True
Suppose -33*p + 37*p + 4 = 0. Let r be (2 - 4 - p)/(7/(-2709)). Suppose -3*a + 2*v = 5*v - r, 0 = -4*v + 8. Is a a composite number?
False
Let r(k) = 2*k**3 + 9*k**2 - 11*k + 3. Let a be r(-6). Is 6/a + ((-619770)/65)/(-6) a composite number?
True
Suppose c - 4*j = 35679, -5*j - 201561 = -4*c - 58867. Is c prime?
True
Let p be (-1270)/(-70) + 1/(-7). Suppose -3*b - 95440 = -19*b. Suppose -23*r = -p*r - b. Is r composite?
False
Let k be (-1)/(6/(-18)) + -9. Let g(a) = -660*a + 29. Is g(k) a prime number?
True
Let h(s) = 73*s**3 + s**2 - 3*s - 97. Is h(6) a composite number?
True
Suppose 7*g - 12*g + 216567 = i, -3*i = g - 43319. Is g prime?
True
Let z = 111085 + 154296. Is z a prime number?
True
Suppose 4*w - 38 = -2*x, -37 + 35 = -w + 2*x. Let k = 639 + -315. Suppose k = 4*h + w. Is h composite?
False
Suppose -4*h + 67 - 14 = 3*t, -2*h - 34 = -4*t. Suppose -7*s - 24531 = -t*s - 5*u, -2*s = 4*u - 12258. Is s a prime number?
False
Let h be (2 + 2)*6/8. Let u = h - 9. Is (1 - (-1354)/u)/(80/(-120)) prime?
True
Suppose 8*x = 80 + 32. Is 8/x + 115635/21 a prime number?
True
Suppose 68634 = 2*b - 96*v + 92*v, 171552 = 5*b + v. Is b a composite number?
True
Suppose 4*t + 20 = h - 0*h, 2*h - 4*t = 28. Let f = -24 - -27. Suppose -v = -f*v - h, -4*d = 5*v - 2328. Is d a composite number?
False
Let u(z) = 59*z**2 - 14*z - 28. Let p be u(-21). Suppose -4*j + p = -11847. Is j composite?
False
Let j(k) be the second derivative of 185*k**3/2 - 26*k**2 - k + 21. Is j(7) prime?
True
Let r = -148608 + 320113. Is r composite?
True
Suppose 0 = 5*o - 29 + 4. Suppose o*r + 10 = 0, 2*p = -6*r + 2*r + 7702. Suppose 7*x - 10*x = -p. Is x composite?
True
Is 14540113/21 + ((-16)/(-18))/((-16)/(-12)) composite?
False
Suppose -38*j = -10*d - 43*j + 274035, 0 = -4*d - 5*j + 109593. Is d a composite number?
False
Let l = 2610 - -2432. Is l a composite number?
True
Let m(b) = -1094*b**3 - 10*b**2 - 41*b - 6. Is m(-5) prime?
False
Let d(f) = -7*f**3 - 3*f**2 - 5*f - 1. Let t be d(-2). Let c = t - 48. Suppose w - c*w = -5428. Is w prime?
False
Let w = -4115 + 7110. Suppose 2*f = 2*z - 1854, 0 = 5*z + 4*f - 1658 - w. Is z composite?
False
Let w be (-4)/22 + 5661/99. Let q = 59 - w. Is -901*q*-2 + 15 + -12 a composite number?
False
Let a(j) = -10859*j - 1748. Is a(-11) a composite number?
False
Let g(w) = w**3 + 4*w**2 + 5*w + 5. Let f be g(-2). Suppose -4*b + 83410 = -f*p, -6*p = -3*b - 2*p + 62554. Is b a prime number?
False
Let h(z) = 79*z**2 + z + 16. Let n be h(5). Suppose 5*x - x = -4*k + n, -5*k + 2495 = -3*x. Is k a prime number?
True
Suppose m + 114252 = -3*s, 4*s + 4*m + 33280 = -119048. Is 4 + (s/(-6) - 3/(-2)) a composite number?
False
Suppose 0 = 6*q - 12*q + 90. Let c be (3/(-4))/(q/(-60)). Suppose -c*t + t + 586 = 0. Is t a prime number?
True
Let m(p) = p**3 - 9*p**2 + 2*p - 9. Let t(x) = -3*x**3 + 26*x**2 - 5*x + 28. Let i(n) = -8*m(n) - 3*t(n). Let c be i(7). Suppose 7*q = c + 453. Is q composite?
True
Let m be ((-136)/20 - -6)*(1 - -9). Let x(h) be the second derivative of -h**5/10 - 2*h**4/3 + 7*h**3/6 - 13*h**2/2 - 4*h. Is x(m) prime?
True
Suppose -3*m = -12*m + 45. Suppose j = -0*j - 5, 5*j + 300 = m*y. Is y prime?
False
Suppose -12*q + 7*q = 70. Let n = q + 15. Is (4 - 4 - n) + 315 a prime number?
False
Let i = 3698238 + -2116961. Is i a prime number?
False
Let w(o) = 252*o**2 + 38*o + 181. Is w(-10) a prime number?
False
Let s be 5 + 0 + 15/(-3). Suppose s = 6*x - 4*x - 4, 4*d - 2*x = 3040. Is d a composite number?
False
Suppose 19*i = -14177 - 1612. Let r = 2080 + i. Is r a composite number?
False
Let z(l) be the third derivative of l**6/30 - l**5/12 + 5*l**4/8 + 13*l**3/6 - 20*l**2 - 2*l. Is z(8) a composite number?
False
Let z(b) = 4405*b - 226. Is z(9) a composite number?
False
Suppose -78905 = -24*h + 1510519. Is h prime?
False
Let y(t) = 5*t + 3449. Suppose -5*d - 5 = -20. Suppose -4*u = -d*u - 6*u. Is y(u) composite?
False
Suppose -6*k + 15*k = 54. Let m be (-12525)/2*1/(-9)*k. Suppose 5*s - 2*f = m, 903 + 2437 = 4*s - f. Is s composite?
True
Let f = -2009 - -6533. Suppose -5*b + f = 4*y, 0 = -3*b - 8*y + 3*y + 2717. Let s = b - 83. Is s composite?
False
Let h(i) = i**3 + 2*i**2 - 17*i - 6. Let m be h(-5). Is ((-6)/m)/(3/(-1724)) prime?
False
Let l(j) be the first derivative of 76*j**2 - j - 1. Suppose -4*p - 20 = -20*k + 18*k, k - 5*p - 16 = 0. Is l(k) a composite number?
False
Let l(x) = -221*x - 28. Let r be l(-6). Let d = r - -1139. Let y = d - 1410. Is y composite?
True
Let x = -389 - -392. Suppose 3*q + x = 0, 4*q = 2*b - 62 - 148. Is b composite?
False
Let s(g) = 2*g**3 + 2*g**2 - 6*g + 23. Let p(a) = a**2 + a - 1. Let t(h) = 7*h**2 + 13*h - 2. Let u(o) = 6*p(o) - t(o). Let m be u(-5). Is s(m) composite?
False
Suppose 0 = 7*i - 2 + 2. Suppose 3*b + 9 = i, -5*b + 2*b = -y + 191. Suppose -3*p + y = w, -3*w + 4*w + 4*p = 179. Is w a prime number?
True
Suppose 6 = 4*u + 3*r, -u + 5 = -r - 0*r. Suppose 3*x - 2*f - 7 = 6, u*x - f - 14 = 0. Suppose -2*o - g + 19 = -0*o, x*g - 25 = 0. Is o composite?
False
Let l(y) = 69*y**2 + 102*y - 1808. Is l(95) a prime number?
True
Suppose t = 4*a - 7*a - 4424, 3*t = -5*a - 7376. Let j = -621 - a. Is j composite?
False
Suppose 3*a + 3286 = h + 4*a, -3*h = -3*a - 9888. Suppose -5363 - h = -2*g. Is g a composite number?
False
Is 2*(-24)/32*(-1104198)/9 a prime number?
False
Suppose 6*k - 238 = -10. Let j = 39 - k. Is 54 + 1526 - 3/(-1*j) prime?
True
Let f(c) = c**3 + 4*c**2 - c - 2. Suppose -6*t + 4 = -4*a - 2*t, -5*a - 14 = -2*t. Let s be f(a). Suppose p - 445 = 4*x, -p = s*x - x - 435. Is p prime?
False
Let v = -25094 + 37413. Is v a composite number?
True
Is (-2)/4*(-20)/(-65) - 1037345/(-65) prime?
True
Suppose -6*b - 3*w - 39 = -9*b, b + w = 19. Is 3 - -53*422 - (18 - b) a composite number?
False
Let o(u) be the second derivative of u**4/12 - 2*u**3/3 + 29*u**2 + 19*u. Let a be o(0). Let x = a + -48. Is x composite?
True
Is 1/7*7 - (-19909 + -1) composite?
True
Let w be (10308/(-9) - 0)/(1/3). Is (-36)/108 + w/(-3) a prime number?
False
Is -1249*2/(-1*(-16)/(-632)) prime?
False
Is ((38736676/66)/17)/(((-2)/(-3))/1) a prime number?
True
Let b(i) = -3*i**2 + 245*i - 85. Is b(39) a composite number?
True
Suppose 0 = 27*v - 17*v + 96950. Is (v/14 + -7)*(0 - 2) prime?
True
Let n = 13 - 10. Suppose -2 = 2*l, 34537 = 2*s + n*s - 2*l. Is s prime?
True
Suppose -9*v = -2205 - 1278. Let k = -180 + v. Suppose 5*s + 402 = -5*p + 1317, 0 = -s + 5*p + k. Is s composite?
True
Suppose 28424 + 15310 = 6*f. Is f a composite number?
True
Let x = -2 - -4. Suppose 14*f = 11 + 115. Suppose 3*u = f, 4*u + 810 = x*s - 136. Is s a prime number?
True
Is ((-60)/2 - -28)/(4/(-174626)) prime?
True
Suppose 41*q - 1782730 = -209929. Suppose -3*n = -y - 23003, 5*n - 156*y = -160*y + q. Is n a composite number?
False
Suppose -4*q - 51 = 125. Let b = 42 + q. Is (b - 683)*(-22)/55 a composite number?
True
Suppose -5*u = 4*r - 30, 14 = -3*r + 5*r + 2*u. Let c = -302 + 448. Suppose 4*g + 2*q = q + c, 5*g - r*q = 195. Is g a composite number?
False
Let p(v) = 150*v - 19 + 35*v - 26*v + 67*v + 53*v. Is p(20) a prime number?
False
Let n(g) = 32*g**3 + 3*g**2 + 100*g - 314. Is n(3) composite?
False
Let j be ((-52)/78 - (-22)/6) + -3258. Let a = -1424 - j. Is a prime?
True
Suppose -2*w = 4*f - 586, -4*w + f = 244 - 1371. Suppose -w*a + 280*a = -57621. Is a composite?
False
Suppose 3*l - 22 = -l + q, -4*l + 2*q + 24 = 0. Suppose -5*n + 550 = l*x, 3*n - 4*x - 150 = 159. Is n - (-2 + 1 + -1) a prime number?
True
Suppose 16*r - 38888 = 